4*w(z). Calculate s(1).
8
Let x(f) = 5*f. Suppose 2*d - 4*d = -2. Determine x(d).
5
Let r(b) = -2*b + 4*b - 6*b + 3*b + b**2 - 5. What is r(4)?
7
Let y be -1*2 - (0 - 5). Suppose 3*t + s + 4 = 0, y*t - 3*s + 0*s = 0. Let n(o) = -3*o - 1. Give n(t).
2
Let n(j) = 8*j**2 - 5 - 2*j**2 + 0*j**2 - j - j - j**3. Let p(m) = m**3 - 5*m**2 + 5*m + 1. Let x be p(4). Determine n(x).
10
Suppose -2*j - 15 = -5*j. Let z be -9*1 - (-8 + j). Let q(a) = -2*a - 5. Calculate q(z).
7
Let s(r) be the first derivative of -2*r**2 + 43. Calculate s(5).
-20
Let s(u) = u**3 + 4*u**2 - 3*u - 3. Suppose 5*w - 1 = -11. Determine s(w).
11
Let b be 29/(-6) + (-13)/78. Let v(j) = -2*j - 2. Give v(b).
8
Suppose 2*a - 3*a = -3*a. Let z(m) = -m**3 + m**2 + m - 8. Calculate z(a).
-8
Let k = -12 + -1. Let r = 18 + k. Let l(f) = -f**2 + 5*f + 2. Determine l(r).
2
Let s = 6 + -4. Let d(p) = -2*p + 4*p**3 - 5*p**s - 1 + p - 8*p**2. Let w(z) = -10*z**3 + 32*z**2 + 2*z + 2. Let m(l) = 12*d(l) + 5*w(l). What is m(2)?
-6
Suppose 0*x + 2*n - 14 = -4*x, -2*n = 5*x - 19. Suppose -x*v = -3*c - 2*c - 10, 3*c = -4*v + 15. Let t be c*3/((-3)/(-4)). Let l(b) = -b + 4. What is l(t)?
0
Let i = 27 - 25. Let j(a) be the first derivative of -2/3*a**3 + a**i + 1/4*a**4 - a + 2. Determine j(2).
3
Let o(c) be the second derivative of c**5/20 - c**4 + 13*c**3/6 - 8*c**2 + 2*c - 20. Give o(11).
6
Let v(p) = p**2 + p + 1. Let g be v(0). Let j(a) = 4*a + 2. Let h(z) = -1. Let s(m) = 2*h(m) + j(m). What is s(g)?
4
Let k(n) be the second derivative of n**4/12 - n**3/3 - 7*n. Let o(q) = q**2 + q + 3. Let m be o(0). Suppose 7*y - m = 4*y. What is k(y)?
-1
Let d = -4 - -6. Let q(i) = -4*i + 4 - 6*i - 2*i**2 + 3*i + 3*i**d. Give q(3).
-8
Let l(d) = -d**3 - 8*d**2 + 10*d + 11. Let s be l(-9). Let p(o) be the third derivative of 0 + 0*o + 1/8*o**4 + o**s + 1/3*o**3. Determine p(2).
8
Let t = -6 + 2. Let s(f) = 3*f - 8. Let y(c) = 2*c - 4. Let q(m) = -4*s(m) + 7*y(m). Calculate q(t).
-4
Let z = -23 + 24. Let n(w) = -3*w**3 + 4*w**3 - 4*w**2 + z + 9*w**2 + 2*w. What is n(-2)?
9
Let h be (-3)/(1*9/(-15)). Suppose -h*m = b - 4*m, -5*m = 3*b. Let l(q) = q - 5. Give l(b).
-5
Suppose -5*w - 4 = -14. Let u = 5 + -2. Let r(a) = -u*a + 0 - 3 + w + 4*a. Determine r(-2).
-3
Let p(r) be the third derivative of r**5/40 + r**4/24 + 2*r**3/3 - 5*r**2. Let o(q) be the first derivative of p(q). Determine o(2).
7
Let b(g) = 2*g + 1. Let a(v) = -2*v**3 - v - 1. Let k be a(-1). Suppose -5*c + k = -18. Let d(q) = -q. Let p be d(c). What is b(p)?
-7
Let n(y) be the second derivative of y**5/20 - y**4/6 - 5*y**3/6 + 2*y**2 - 4*y. Let w(g) = -4*g - 1. Suppose 0 = 3*c + 4 - 1. Let j be w(c). Give n(j).
-2
Let i(m) = -m**3 + 14*m**2 + 14*m + 14. Let q be i(15). Let h(s) = s - 5*s**3 - s**2 - 3 + 4 - s**3. Give h(q).
5
Let l(m) = -2*m**2 - 2*m. Let w = 42 - 23. Suppose -w = 4*d - 3*r, d + 4*r + 19 = -0*d. Let c(a) = -a - 9. Let u be c(d). Calculate l(u).
-4
Let b(q) = -7*q**3 + q**2 - 2*q + 1. Suppose -6 = -2*l - 4*s, 0 = -4*l + 5*s - 2 + 1. What is b(l)?
-7
Let y(f) = 5 + 2*f**3 - 16*f + 7*f + 8*f**2 - 2*f**3 - f**3. Calculate y(6).
23
Let r(z) = -z**2 + z - 1. Let t(y) = -7*y**2 + y. Let i(d) = d**2 - 8*d + 1. Let w be i(8). Let f(p) = w*t(p) - r(p). What is f(-1)?
-5
Let z(w) be the second derivative of 1/6*w**3 + 7*w + 0 - 1/20*w**5 - w**2 + 1/3*w**4. Calculate z(4).
2
Let h(f) = -f**2 + f - 2. Let z(v) = -v**2 - 9*v + 4. Let s be z(-9). Suppose 3*t = s*t - 2. Determine h(t).
-4
Let w(p) = p**2 + 3 + 1 + p - 2*p**2. Let n = 5 - 10. Let g = n - -9. Give w(g).
-8
Suppose 3*k - 21 = -6. Let j be 3 + (1 - (-2 - -3)). Let z(b) = -2*b - 3 - 2*b**3 + 3 + j*b**3 + 5 - 5*b**2. What is z(k)?
-5
Let x(r) = -5*r + 11. Let n(s) = s - 1. Let q(b) = 6*n(b) + x(b). Calculate q(0).
5
Let y(h) = 2*h - 10. Suppose -4*u + 16 = -2*u. Give y(u).
6
Let l(o) = -o**3 + 2*o**2 - 2*o + 10. Let w(s) = -s**2 + 1. Let d(v) = v**2 - 3*v - 1. Let q be d(4). Let y(m) = q*w(m) - l(m). Calculate y(5).
3
Let z(k) = -2*k. Let n be z(-2). Suppose -3*h + 15 = 2*h. Let l(t) = t + 2. Let o(i) = i + 3. Let r(c) = h*l(c) - 2*o(c). What is r(n)?
4
Let j = -10 - -9. Let y(n) = -n - 1. Give y(j).
0
Let o(c) = 4*c - 4. Let s be o(7). Suppose -g - 3*g + s = 0. Suppose 2*i = 4*i - g. Let m(x) = -x**3 + 2*x**2 + 4*x - 2. Give m(i).
1
Suppose 5*g - 3*b = 0, -b - 4 - 10 = 3*g. Let l(x) be the third derivative of -2/3*x**3 + 0*x - 4*x**2 + 0 - 1/60*x**5 - 1/4*x**4. What is l(g)?
5
Let s be 1/((-1)/(-3))*3. Let w(c) = -2*c + 9. Give w(s).
-9
Let c(n) = 5*n - 4. Let i(j) = -11*j + 9. Let v(r) = 5*c(r) + 2*i(r). Suppose w - 2 = 2*w. What is v(w)?
-8
Let m(w) = w**2 - 3*w + 3. Suppose -6*l + 2*l = 3*s - 5, 5*s - 20 = 5*l. What is m(s)?
3
Let p(t) be the third derivative of -t**6/120 + t**5/20 - t**4/24 + t**3/6 - 9*t**2. What is p(2)?
3
Suppose -8*k + 3*k + 2*o + 4 = 0, 2*k = -5*o - 10. Let d(p) = -p + 2 - 2. Determine d(k).
0
Let u(c) = -c - 6. Let a = 45 + -50. Determine u(a).
-1
Let c be ((-12)/27)/(10/(-45)). Let i(x) = -2*x - 2. Determine i(c).
-6
Let k be (0 - -3 - 0)/1. Let o(y) = -3 + 0 + k + y. Calculate o(-1).
-1
Let a(v) be the third derivative of v**4/24 + v**3/2 + v**2. Suppose m - 3 - 3 = 0. Suppose 9*h = 10*h + m. Determine a(h).
-3
Let i be 2/(-10)*80/(-96). Let y(c) be the second derivative of 1/12*c**4 + 0 + 1/2*c**2 + 3/10*c**5 + i*c**3 + 3*c. Determine y(-1).
-5
Let f be (-2 - -1) + 3 + 8. Let v = 17 - f. Suppose -2*w - 30 = -v*w - 5*o, -4*w = o - 12. Let m(p) = p**2 - 2*p + 2. Calculate m(w).
2
Let o(r) = 1 - 3*r + 3*r - 5*r**2. Let x be o(1). Let c(g) be the third derivative of g**6/120 + g**5/12 + g**4/12 - g**3/6 - g**2. Determine c(x).
7
Let y(f) = -6*f**2 - f. Suppose -2*j = -5*j + 15. Suppose 4 = d - j*d. Give y(d).
-5
Let v be (1/2 - 0)*-4. Let a(r) = -r - 625 + 307 + 315. Calculate a(v).
-1
Suppose -19*c = -18*c + 3. Let j(k) = 3*k + 1. What is j(c)?
-8
Let u(w) = 2*w**2 + 4*w - 3. Let l(k) = 4*k**2 + 7*k - 5. Let o(d) = -3*l(d) + 5*u(d). Suppose -j + 0*j - 1 = 0. Determine o(j).
-1
Suppose -4*v + 0 + 1 = -3*a, -v = 2*a - 14. Let s(j) = -j**3 + 5*j**2 - 2. Determine s(a).
-2
Let w(z) = -718*z + 6 + 713*z - 3 + z**2 - 3*z**2. What is w(-4)?
-9
Let a(w) be the first derivative of -1/3*w**3 + 5/2*w**2 + w + 4. What is a(5)?
1
Let v(f) = f**3 - 15*f**2 + 14*f - 7. Let w(c) = c**2 - c + 1. Let n(y) = v(y) + 6*w(y). What is n(8)?
-1
Let z(d) = -d**2 - 2*d + 3. Let g be z(-3). Suppose 4*l + i + 39 = 14, g = 2*l - 2*i. Let j(y) = -2*y**3 + 4*y + 6*y**2 + y**3 + 2*y**3. Give j(l).
5
Let z be 6 + (1 - (3 - 1)). Let d be (-4)/(-8)*(z + -1). Let r(v) = 1 + v - v**3 + v**2 - 3*v + 1. Calculate r(d).
-6
Suppose 2*o + 3 = -o. Let i(h) = -15*h - 3. Suppose -3*w + 5*u + 2 = -0, w - 3*u + 2 = 0. Let r(c) = 5*c + 1. Let l(p) = w*i(p) + 11*r(p). What is l(o)?
4
Let r(y) = -2*y**2 + 3*y**2 - 6 + 0*y + 5*y. Let m = 6 - 10. Let b = m + -1. Calculate r(b).
-6
Suppose 4*f - 9*f - 25 = 0. Let n(x) = -14*x**3 + 12*x**2 - 35*x + 5. Let k(j) = -5*j**3 + 4*j**2 - 12*j + 2. Let l(r) = -17*k(r) + 6*n(r). Give l(f).
1
Let p(o) = -4*o - 2*o - o**2 - 1 + 2*o**2 + 10. Give p(6).
9
Let u(i) be the first derivative of -7*i**5/60 + i**4/24 - i**3/6 + 2*i**2 + 4. Let o(a) be the second derivative of u(a). Determine o(1).
-7
Let s(g) = 2*g - 3 + 5 + 2*g. Give s(-3).
-10
Suppose 0 = 5*d + 2 - 12. Let t be 4 + (2 - 2 - d). Let x(r) = -2*r**2 + 2*r - 3. What is x(t)?
-7
Let p(a) = -a - 2. Suppose -v - 25 = 3*s, s + 4*v + 15 = 2*v. Let x be p(s). Let r(z) = 4*z - 1 - 2*z - z**3 - 4*z**2 - x*z. Calculate r(-2).
-3
Let o(n) = 7*n**2 - 5*n + 3. Let h(j) = 11*j**2 - 7*j + 4. Let i = -2 + 1. Let g = i - -9. Let y(v) = g*o(v) - 5*h(v). What is y(4)?
0
Let w(o) = o**3 + 4*o**2 - 2*o - 1. Let b = 2 - -2. Let c = -8 + b. Give w(c).
7
Let c = 21 - 18. Let g(p) = 3*p + 1. Let x(z) = 7*z + 1. Let s(j) = -9*g(j) + 4*x(j). Calculate s(c).
-2
Let b(g) = -g**3 + 3*g**2 - g. Let z(j) = j - 1. Let m be z(4). Suppose m*v + 4*c - 9 = 0, c + 12 - 3 = 3*v. Let k = 0 + v. What is b(k)?
-3
Let q(d) be the second derivative of d**4/12 - 5*d**3/3 - 7*d**2/2 + 2*d - 7. What is q(5)?
-32
Let c(n) = -n + 3*n**3 + 3*n**2 - n**2 - 4*n**3. Let j be c(1). Let b(t) = j - 2 - 2*t + 1. Calculate b(1).
-3
Let x = -23 - -16. Let b = x + -1. L